 31 is divided by 18?
13
Calculate the remainder when 1366 is divided by 18.
16
What is the remainder when 140 is divided by 114?
26
What is the remainder when 338 is divided by 2?
0
Calculate the remainder when 414 is divided by 13.
11
What is the remainder when 845 is divided by 34?
29
Calculate the remainder when 375 is divided by 97.
84
What is the remainder when 2616 is divided by 94?
78
What is the remainder when 842 is divided by 22?
6
Calculate the remainder when 1259 is divided by 180.
179
Calculate the remainder when 754 is divided by 149.
9
What is the remainder when 677 is divided by 170?
167
What is the remainder when 64 is divided by 11?
9
Calculate the remainder when 70 is divided by 15.
10
What is the remainder when 1438 is divided by 206?
202
Calculate the remainder when 43 is divided by 24.
19
Calculate the remainder when 106 is divided by 49.
8
Calculate the remainder when 2429 is divided by 64.
61
Calculate the remainder when 54 is divided by 5.
4
What is the remainder when 284 is divided by 41?
38
What is the remainder when 272 is divided by 105?
62
What is the remainder when 560 is divided by 139?
4
What is the remainder when 8166 is divided by 12?
6
What is the remainder when 53 is divided by 9?
8
Calculate the remainder when 1561 is divided by 259.
7
Calculate the remainder when 562 is divided by 275.
12
Calculate the remainder when 19591 is divided by 8.
7
Calculate the remainder when 350 is divided by 39.
38
Calculate the remainder when 4225 is divided by 1398.
31
What is the remainder when 694 is divided by 113?
16
What is the remainder when 10005 is divided by 4?
1
What is the remainder when 2910 is divided by 112?
110
Calculate the remainder when 671 is divided by 222.
5
Calculate the remainder when 746 is divided by 169.
70
What is the remainder when 11864 is divided by 43?
39
Calculate the remainder when 427 is divided by 103.
15
What is the remainder when 1195 is divided by 3?
1
Calculate the remainder when 1982 is divided by 93.
29
What is the remainder when 245 is divided by 53?
33
Calculate the remainder when 93 is divided by 47.
46
Calculate the remainder when 1381 is divided by 106.
3
What is the remainder when 142 is divided by 51?
40
Calculate the remainder when 282 is divided by 43.
24
Calculate the remainder when 12362 is divided by 13.
12
What is the remainder when 7026 is divided by 38?
34
Calculate the remainder when 40 is divided by 9.
4
Calculate the remainder when 41 is divided by 3.
2
Calculate the remainder when 37081 is divided by 292.
289
Calculate the remainder when 240 is divided by 153.
87
What is the remainder when 4815 is divided by 371?
363
What is the remainder when 131 is divided by 71?
60
What is the remainder when 90 is divided by 27?
9
Calculate the remainder when 53 is divided by 37.
16
Calculate the remainder when 44026 is divided by 10.
6
What is the remainder when 1107 is divided by 157?
8
Calculate the remainder when 457 is divided by 173.
111
What is the remainder when 271 is divided by 11?
7
What is the remainder when 1537 is divided by 35?
32
Calculate the remainder when 1495 is divided by 50.
45
Calculate the remainder when 1179 is divided by 132.
123
What is the remainder when 6067 is divided by 169?
152
What is the remainder when 75 is divided by 9?
3
What is the remainder when 157 is divided by 9?
4
What is the remainder when 1156 is divided by 353?
97
What is the remainder when 114 is divided by 37?
3
Calculate the remainder when 227 is divided by 46.
43
Calculate the remainder when 4482 is divided by 65.
62
Calculate the remainder when 329 is divided by 24.
17
Calculate the remainder when 1327 is divided by 437.
16
Calculate the remainder when 191 is divided by 99.
92
What is the remainder when 153 is divided by 13?
10
What is the remainder when 1627 is divided by 148?
147
What is the remainder when 1637 is divided by 117?
116
Calculate the remainder when 189 is divided by 15.
9
What is the remainder when 43 is divided by 12?
7
Calculate the remainder when 668 is divided by 112.
108
Calculate the remainder when 1031 is divided by 309.
104
Calculate the remainder when 436 is divided by 205.
26
Calculate the remainder when 325 is divided by 41.
38
What is the remainder when 2675 is divided by 444?
11
Calculate the remainder when 134 is divided by 35.
29
What is the remainder when 378 is divided by 38?
36
Calculate the remainder when 4723 is divided by 30.
13
What is the remainder when 12941 is divided by 43?
41
What is the remainder when 384 is divided by 88?
32
Calculate the remainder when 1258 is divided by 15.
13
What is the remainder when 563 is divided by 23?
11
Calculate the remainder when 572 is divided by 36.
32
What is the remainder when 411 is divided by 5?
1
Calculate the remainder when 1404 is divided by 11.
7
Calculate the remainder when 127 is divided by 124.
3
Calculate the remainder when 3435 is divided by 858.
3
What is the remainder when 853 is divided by 216?
205
Calculate the remainder when 778 is divided by 20.
18
What is the remainder when 719 is divided by 18?
17
Calculate the remainder when 233 is divided by 59.
56
Calculate the remainder when 269 is divided by 54.
53
Calculate the remainder when 256 is divided by 15.
1
What is the remainder when 2348 is divided by 38?
30
Calculate the remainder when 648 is divided by 130.
128
What is the remainder when 14694 is divided by 98?
92
Calculate the remainder when 19 is divided by 3.
1
Calculate the remainder when 405 is divided by 58.
57
Calculate the remainder when 3009 is divided by 91.
6
Calculate the remainder when 136 is divided by 50.
36
Calculate the remainder when 342 is divided by 109.
15
Calculate the remainder when 8629 is divided by 137.
135
What is the remainder when 444 is divided by 309?
135
What is the remainder when 117 is divided by 54?
9
What is the remainder when 266 is divided by 127?
12
Calculate the remainder when 6958 is divided by 120.
118
Calculate the remainder when 112 is divided by 108.
4
What is the remainder when 351 is divided by 153?
45
Calculate the remainder when 255 is divided by 52.
47
Calculate the remainder when 157 is divided by 40.
37
Calculate the remainder when 569 is divided by 148.
125
Calculate the remainder when 8647 is divided by 188.
187
Calculate the remainder when 1997 is divided by 100.
97
What is the remainder when 607 is divided by 50?
7
What is the remainder when 243 is divided by 95?
53
What is the remainder when 174 is divided by 79?
16
What is the remainder when 287 is divided by 29?
26
What is the remainder when 43 is divided by 8?
3
Calculate the remainder when 115 is divided by 62.
53
Calculate the remainder when 19295 is divided by 32.
31
Calculate the remainder when 72 is divided by 11.
6
Calculate the remainder when 388 is divided by 77.
3
Calculate the remainder when 326 is divided by 11.
7
Calculate the remainder when 1329 is divided by 111.
108
What is the remainder when 1459 is divided by 146?
145
What is the remainder when 79 is divided by 4?
3
Calculate the remainder when 349 is divided by 115.
4
What is the remainder when 69 is divided by 35?
34
What is the remainder when 214 is divided by 43?
42
What is the remainder when 3873 is divided by 57?
54
What is the remainder when 64 is divided by 21?
1
Calculate the remainder when 187 is divided by 102.
85
Calculate the remainder when 234 is divided by 79.
76
Calculate the remainder when 1043 is divided by 172.
11
What is the remainder when 535 is divided by 18?
13
What is the remainder when 135 is divided by 68?
67
What is the remainder when 809 is divided by 57?
11
What is the remainder when 58 is divided by 15?
13
Calculate the remainder when 3638 is divided by 28.
26
What is the remainder when 29 is divided by 19?
10
What is the remainder when 919 is divided by 46?
45
Calculate the remainder when 89 is divided by 30.
29
Calculate the remainder when 846 is divided by 34.
30
What is the remainder when 97 is divided by 33?
31
What is the remainder when 70 is divided by 12?
10
Calculate the remainder when 195 is divided by 66.
63
Calculate the remainder when 1325 is divided by 18.
11
Calculate the remainder when 3230 is divided by 42.
38
Calculate the remainder when 22 is divided by